when 85 is divided by h*3*6/(-9)*-11.
19
Suppose -5*w + 5*q = -42 - 48, 3*q = 6. Calculate the remainder when w is divided by 4/(-10) - (-62)/5.
8
What is the remainder when (84/49)/(-3 - 298/(-98)) is divided by 2*-1*(-30)/4?
12
Let h be 0 + ((-12)/(-10))/((-18)/(-315)). Calculate the remainder when 38 is divided by 7/h - (-38)/3.
12
Let t(f) = -12*f - 17. Calculate the remainder when t(-20) is divided by 16.
15
Let p(v) = -v**3 - 16*v**2 - 14*v + 17. Let i be p(-15). Suppose 0 = -0*j - i*j - x + 101, 4*x = -j + 33. Calculate the remainder when j is divided by 19.
15
Let k = -15 + 14. Suppose 3*y = -m + 7, 2*m = -2*m + 2*y + 98. What is the remainder when k + 5 + (39 - 2) is divided by m?
19
Let i = -47 + 10. Let c = 65 + i. Suppose -4*z = -116 + c. Calculate the remainder when z is divided by 8.
6
Let w be ((-40)/6)/(36/(-54)). Let r(s) = -11*s + 7 + w + 9*s. What is the remainder when r(-7) is divided by 16?
15
Let j(r) = -4*r - r + 5 + 1. Let y(l) = l**3 - l - 1. Let h be y(-2). What is the remainder when j(h) is divided by 11?
8
Suppose -8*o - 44 = -4*o. What is the remainder when 25 is divided by 12/(-4) - -8 - o?
9
Let a = 136 - 58. Calculate the remainder when 854 is divided by a.
74
Suppose -5*m + 30 = 10. Suppose 2*v - m*h = 84, 2*h + 3*h - 129 = -2*v. Let c = -2 + 20. Calculate the remainder when v is divided by c.
16
Let g = 62 - 27. Calculate the remainder when 65 is divided by g.
30
What is the remainder when 518 is divided by (-4)/(0 + (-7)/294)?
14
Let v be (3 + -4)/(2 - 1). Let r(i) = -3*i + 1. Let g be r(v). What is the remainder when 282/g*16/24 is divided by 24?
23
Let n be (80/12)/((-3)/(81/6)). Calculate the remainder when (n/4)/((-12)/112) is divided by 18.
16
Let a be ((-4)/(-3))/((-11)/((-6435)/10)). Suppose 0 = 4*d + 3*c - 104, 3*d = -0*d + 5*c + a. What is the remainder when d is divided by 10?
6
Let t(n) = 56*n**2 + 4*n - 1. What is the remainder when t(-1) is divided by 13?
12
Suppose -6*p + 71 - 41 = 0. Calculate the remainder when 36 is divided by p.
1
Suppose 169 = -19*d + 815. What is the remainder when 99 is divided by d?
31
Suppose 5*x + 19 = 4. Let p(r) = r**3 + 3*r**2 - r + 2. Let m be p(x). What is the remainder when m*4 + 3/3 is divided by 12?
9
Suppose -5*l - 2*x + 235 = 0, 3*l - 3*x + 141 = 6*l. What is the remainder when 88 is divided by l?
41
Let r be ((3 - 3)/(-1))/1. Calculate the remainder when (-70)/((-5 - r) + 3) is divided by 19.
16
Suppose -2*z - 14 = -4*j, 4*j = 7 + 5. Let x be ((-3)/6)/(z/(-36)). Let k = x - -32. What is the remainder when 53 is divided by k?
11
Let l = 5 - 85. Let q = l + 97. What is the remainder when q is divided by 9?
8
Let v = 129 - 29. What is the remainder when v is divided by 24?
4
Let n = 55 + -53. Suppose n*p - 6*p + 26 = 2*t, -3*p + 5*t + 52 = 0. Calculate the remainder when 25 is divided by p.
7
Let q = 0 + 36. Suppose v - 21 = -16. What is the remainder when q is divided by v?
1
Let t(o) = -o**2 + o - 2 - 4 + 8*o. What is the remainder when t(7) is divided by (1*-1)/((-3)/6)?
0
What is the remainder when 296 is divided by 3 + (8 - (-5)/(-5))?
6
Suppose -2*o = 5 - 23. Calculate the remainder when 51 is divided by o.
6
Suppose -488 - 1798 = 6*m. Calculate the remainder when m*1*(-2)/6 is divided by 43.
41
Let j(i) = i**3 + i**2 - i - 1. Let w be j(4). Suppose 9 = 7*m - w. Suppose 98 = 3*t - 43. What is the remainder when t is divided by m?
11
Let g = -24 + 3. Let f = -16 - g. Suppose -2*v = f*d - 37, -5*v - d + 6*d + 145 = 0. What is the remainder when 103 is divided by v?
25
Suppose -183*n = -196*n + 819. Let b = 0 + 1. Calculate the remainder when n is divided by 1*-1 - -17*b.
15
Let b = 759 - 504. Calculate the remainder when b is divided by 89.
77
Let q be 49/7 + -1*1. Calculate the remainder when (-3)/q*(-2 + 70)/(-1) is divided by 19.
15
Suppose -5*f = -20, 5*z + 52 = 3*f + 170. Suppose -z*h + 31*h = 200. Let q(r) = -10*r + 1. What is the remainder when h is divided by q(-2)?
19
What is the remainder when 162 is divided by ((-2050)/100)/(1/(-2))?
39
Suppose 0 = 11*m - 136 - 161. Calculate the remainder when 106 is divided by m.
25
Suppose 0 = -5*n + i - 2*i + 259, 4*i + 4 = 0. Suppose -28 = 2*c - 4*c. Calculate the remainder when n is divided by c.
10
Let n(u) be the first derivative of u**2 + 1 + 36*u - 2*u**2 - 47*u. What is the remainder when 25 is divided by n(-9)?
4
Suppose 3*z = 4*s - 61, -13 = s + 4*z - 14. What is the remainder when 58 is divided by s?
6
Calculate the remainder when 92 is divided by ((-2)/(-5))/(16/1920).
44
Suppose 11 = 2*p + 1. Suppose 22 = 2*y - 2*g + 6*g, 26 = 2*y + p*g. Suppose -114 = -y*d + d. What is the remainder when d is divided by 30?
27
Let d(m) = m**3 - 12*m**2 + 5*m - 10. Suppose 2*c = -4*c + 72. Calculate the remainder when d(c) is divided by 13.
11
Let f be (9/(-36))/((-2)/24). Suppose -f*h + 86 = 5*b, 0*h + b = 5*h - 134. What is the remainder when h is divided by 15?
12
Calculate the remainder when 22 is divided by 2/(295/(-50) + 0 - -6).
2
Suppose -i + 4 = -7. Calculate the remainder when 21 is divided by i.
10
Let a be (-3)/9 + 304/(-6). Let p = 70 + a. Let j(l) = l**3 + 5*l**2 + 2*l - 1. What is the remainder when p is divided by j(-3)?
8
Let c(l) = -8301*l**2 + 7 + 4 + 12*l + 8303*l**2. What is the remainder when c(-7) is divided by (1 - 0)/((-1)/(-7))?
4
Suppose 5*q - b - 2*b + 124 = 0, 4*q + 108 = -2*b. Let u = q + 37. Suppose 144 = 5*z - r + 3*r, -4*z + r = -123. Calculate the remainder when z is divided by u.
8
Let y = -1794 + 2284. Calculate the remainder when y is divided by 45.
40
Let q = 44 - 39. Suppose -q*j - 32 = -7*j. Calculate the remainder when 47 is divided by j.
15
Suppose 259*o - 256*o - 261 = 0. What is the remainder when o is divided by 23?
18
Suppose -3*t - 19 = 4*p + 5, 4*t + 28 = -4*p. Calculate the remainder when 49 is divided by (5/t)/(8/(-64)).
9
Suppose 0 = 7*a - 10*a - k + 72, -26 = -a - k. What is the remainder when (140/25)/((-4)/(-30)) is divided by a?
19
Let l = 178 - 84. Calculate the remainder when l is divided by 33.
28
Calculate the remainder when 898 is divided by (-60)/(-14)*(12 + 9).
88
Suppose 0 = 36*q - 53*q + 663. What is the remainder when q is divided by 8?
7
Let a = 22 + -14. Suppose -2*j + 3*j - a = 3*t, t = -1. Suppose d - 9 = -0*o - 3*o, j*d - 45 = -3*o. What is the remainder when 24 is divided by d?
6
Let d(g) = -g**3 + 6*g**2 + 4*g + 5. Let m be d(6). Suppose z - 35 = 3*h - 3*z, 2*h = -3*z - m. Let f = h - -27. Calculate the remainder when f is divided by 5.
4
Let r = 934 - 698. What is the remainder when r is divided by 65?
41
Suppose -4*m + 5*q = -4 - 25, 8 = m - 2*q. Let h be 65*(1 + 32/(-20)). Let w = h - -68. What is the remainder when w is divided by m?
5
Suppose 4*l - 2*l - 2 = 3*r, 5*r = -5*l + 55. What is the remainder when 40 is divided by l?
5
Let l(o) = -3 - 5*o**2 + 11*o - 9*o + 14*o**2. Let x be l(2). Suppose -x = -5*j + 43. Calculate the remainder when j is divided by 6.
4
Let g(j) = -2*j + 8. Calculate the remainder when 1/(-3)*(-1 + 2)*-171 is divided by g(-6).
17
Let n be (4 - 4)*1/2. Suppose -3*w - 2*w + 155 = n. What is the remainder when w is divided by -6 - (-1 - (13 - -3))?
9
Let z = 170 - 130. What is the remainder when 76 is divided by z?
36
Let s(l) = l**2 + 6*l + 5. Suppose -2*w = 5*m + 6, -3*w + 3 + 1 = m. Let d(o) = -8*o - 2. Calculate the remainder when d(m) is divided by s(-6).
4
Suppose -q = 2*x - x - 13, 4*x - 72 = q. What is the remainder when 108 is divided by x?
6
Let s = -7 - -11. Suppose 0*g - 12 = -s*g. Suppose l + 3*r = 47, -2*l + 0*r - g*r + 94 = 0. Calculate the remainder when l is divided by 24.
23
Let s = 55 + -99. Let t = s + 48. Suppose 2*v - 21 = 5. Calculate the remainder when v is divided by t.
1
Let w = 38 + -28. Let n(u) = -11*u - 27. Calculate the remainder when -1*4 + 1150/w is divided by n(-5).
27
Suppose 727 = -25*t + 2027. Calculate the remainder when t is divided by 9.
7
Let d(n) = -n**3 + 4*n**2 + n + 1. Suppose 1 = f - 1. Calculate the remainder when 87 is divided by d(f).
10
Let z = 12 - -130. What is the remainder when z is divided by 29?
26
Suppose -b + 0*b - 3 = 0, -4*q = 4*b - 48. What is the remainder when q is divided by 8?
7
Suppose 3*o - 2*v - 131 = 0, 4*v - 47 + 262 = 5*o. What is the remaind